94532390?
True
Is 20 a factor of 230064945?
False
Does 28 divide 365456980?
True
Is 987 a factor of 518175?
True
Is 181 a factor of 681129969?
True
Does 116 divide 565298854?
False
Is 28281992 a multiple of 8?
True
Is 72 a factor of 1483150536?
True
Does 107 divide 101661668?
False
Is 29006768 a multiple of 317?
True
Is 3302338849 a multiple of 18?
False
Is 13901042 a multiple of 22?
False
Does 86 divide 22358629?
False
Is 274 a factor of 397319454?
True
Does 43 divide 104973171?
False
Is 17 a factor of 61198694?
False
Is 25016135 a multiple of 5?
True
Is 461 a factor of 855063261?
True
Does 712 divide 6944272704?
True
Does 37 divide 22066309?
False
Is 39888410 a multiple of 190?
True
Is 12877500 a multiple of 15?
True
Is 32874675 a multiple of 16?
False
Is 37840032 a multiple of 28?
False
Is 93 a factor of 301677585?
True
Is 1390689170 a multiple of 1231?
False
Is 576 a factor of 81548494?
False
Is 43 a factor of 74613603?
False
Does 189 divide 453609462?
False
Is 15610481 a multiple of 68?
False
Is 37 a factor of 1413407955?
True
Is 3229450217 a multiple of 168?
False
Is 19 a factor of 128149973?
False
Is 1361 a factor of 8035344?
True
Is 3461260793 a multiple of 298?
False
Is 7551453 a multiple of 2919?
True
Does 3 divide 112765887?
True
Is 11 a factor of 781733022?
False
Does 12 divide 134856816?
True
Is 32291694 a multiple of 6?
True
Does 29 divide 146256464?
False
Does 38 divide 74063672?
True
Is 17931186 a multiple of 123?
True
Does 159 divide 495119799?
True
Is 1882 a factor of 41021954?
True
Does 93 divide 11454531?
True
Is 46490652 a multiple of 12?
True
Is 2 a factor of 51870376?
True
Is 10839270 a multiple of 390?
True
Is 1619347 a multiple of 27?
False
Does 29 divide 519657670?
True
Does 703 divide 3696811?
False
Is 66 a factor of 288570876?
True
Is 878713938 a multiple of 18?
True
Is 773157945 a multiple of 105?
True
Is 9 a factor of 22844018?
False
Is 83 a factor of 9990436?
False
Is 1052639320 a multiple of 40?
True
Is 6010 a factor of 407040871?
False
Is 96999676 a multiple of 158?
True
Does 7051 divide 1172778728?
True
Is 1713007096 a multiple of 917?
False
Is 15 a factor of 16527102?
False
Is 1278922384 a multiple of 443?
False
Is 785 a factor of 141776495?
True
Does 413 divide 27421548?
True
Is 32350376 a multiple of 94?
False
Is 529457148 a multiple of 9?
True
Is 46 a factor of 53619000?
False
Is 145723521 a multiple of 443?
True
Is 128912725 a multiple of 352?
False
Is 278 a factor of 1968801868?
False
Does 1083 divide 24769293?
True
Does 3196 divide 691860492?
True
Does 14 divide 211476776?
True
Does 592 divide 187984024?
False
Is 33984020 a multiple of 436?
True
Is 193980354 a multiple of 815?
False
Is 2208224766 a multiple of 269?
True
Is 1686224295 a multiple of 315?
True
Is 190785480 a multiple of 8?
True
Does 1993 divide 507143177?
False
Is 24511801 a multiple of 605?
False
Is 2796915297 a multiple of 19?
False
Is 445903416 a multiple of 12?
True
Is 309175766 a multiple of 239?
False
Does 928 divide 210972448?
True
Does 79 divide 9437103?
True
Is 2904144193 a multiple of 37?
False
Is 21136873 a multiple of 572?
False
Does 999 divide 211366186?
False
Is 42633183 a multiple of 89?
False
Does 19 divide 23453771?
True
Is 2188 a factor of 81545317?
False
Is 684 a factor of 47728836?
True
Does 1260 divide 564107534?
False
Is 2 a factor of 34538189?
False
Is 53 a factor of 156075301?
True
Is 1274657742 a multiple of 148?
False
Is 46822316 a multiple of 148?
True
Does 67 divide 15926543?
False
Is 74479620 a multiple of 1185?
True
Is 47 a factor of 21376881?
False
Does 4744 divide 198156880?
True
Is 58 a factor of 172832154?
False
Is 43 a factor of 201928055?
False
Is 22863841 a multiple of 637?
True
Is 2915099 a multiple of 193?
False
Does 58 divide 120030072?
True
Is 18818416 a multiple of 92?
True
Is 56 a factor of 96518498?
False
Is 14910440 a multiple of 40?
True
Does 209 divide 152995942?
True
Is 3522376 a multiple of 44?
True
Is 44 a factor of 37683661?
False
Is 14 a factor of 3715906?
False
Is 169291460 a multiple of 2665?
True
Is 45 a factor of 50784823?
False
Is 90 a factor of 679901940?
True
Is 5 a factor of 453959385?
True
Is 4408973695 a multiple of 49?
True
Is 56 a factor of 148955395?
False
Is 12 a factor of 17628823?
False
Does 106 divide 1657700?
False
Is 1494 a factor of 2551594?
False
Does 8 divide 28390672?
True
Is 4409644 a multiple of 8?
False
Is 118 a factor of 10670183?
False
Is 63814704 a multiple of 109?
True
Is 69404621 a multiple of 11?
True
Is 26654448 a multiple of 13?
False
Is 166 a factor of 303544114?
True
Is 33275110 a multiple of 226?
True
Does 5 divide 53918744?
False
Does 11 divide 469026778?
True
Is 56 a factor of 232169784?
True
Is 813140839 a multiple of 343?
True
Does 8 divide 507996898?
False
Is 249 a factor of 51689547?
False
Does 2 divide 385175778?
True
Does 15 divide 169039995?
True
Is 1759 a factor of 233911516?
False
Does 189 divide 1830891951?
True
Does 26 divide 2567983496?
True
Does 1085 divide 53462071?
False
Does 72 divide 67731607?
False
Is 2575207278 a multiple of 21?
True
Is 411 a factor of 1030788?
True
Is 349294784 a multiple of 4432?
True
Is 6 a factor of 80711448?
True
Is 25129314 a multiple of 7?
True
Does 6580 divide 297396260?
True
Is 6052918 a multiple of 53?
True
Is 6 a factor of 184703368?
False
Does 72 divide 2581056?
True
Is 1914 a factor of 164810712?
True
Is 169 a factor of 140502544?
True
Is 74 a factor of 19482350?
True
Does 10436 divide 2832633044?
True
Is 30257066 a multiple of 7?
True
Is 38358528 a multiple of 452?
True
Is 2658 a factor of 577255455?
False
Is 1962 a factor of 31746140?
False
Is 86 a factor of 3861440420?
True
Is 90785318 a multiple of 2763?
False
Is 10761168 a multiple of 264?
True
Is 1772 a factor of 4251896280?
True
Does 84 divide 2663738685?
False
Is 279370130 a multiple of 13?
True
Is 96767220 a multiple of 27?
False
Is 349 a factor of 1197043661?
False
Is 36 a factor of 26081?
False
Is 50 a factor of 345111229?
False
Is 19 a factor of 13533168?
True
Does 9 divide 1007897409?
True
Is 7 a factor of 289716161?
True
Does 6 divide 5287458?
True
Is 1262149913 a multiple of 163?
True
Does 37 divide 606040499?
False
Is 383 a factor of 162472047?
True
Is 602 a factor of 449074542?
True
Is 31963332 a multiple of 51?
True
Does 23 divide 1781254424?
False
Is 23 a factor of 235115936?
True
Is 736292043 a multiple of 1187?
False
Is 86146242 a multiple of 1547?
True
Does 15 divide 69744580?
False
Does 18 divide 11061539?
False
Is 55603867 a multiple of 2?
False
Is 37 a factor of 69257580?
False
Is 29 a factor of 129207955?
False
Is 111174373 a multiple of 35?
False
Does 2966 divide 40275314?
True
Is 22 a factor of 70677530?
True
Is 84912587 a multiple of 41?
False
Is 16 a factor of 23285280?
True
Is 129 a factor of 216290817?
True
Is 1625594815 a multiple of 65?
True
Is 79394378 a multiple of 2108?
False
Is 127 a factor of 125351413?
True
Is 1000 a factor of 693556139?
False
Does 1110 divide 166157010?
True
Does 679 divide 45425100?
True
Is 29891292 a multiple of 60?
False
Does 531 divide 11359152?
True
Is 43861207 a multiple of 13?
True
Does 24 divide 211476168?
True
Does 52 divide 24076000?
True
Is 475775331 a multiple of 6?
False
Is 11 a factor of 140782301?
True
Does 27 divide 11819852?
False
Is 307 a factor of 20904662?
False
Does 9 divide 79365605?
False
Is 274 a factor of 61225187?
False
Is 10542244 a multiple of 34?
True
Does 10 divide 3318265662?
False
Is 694314195 a multiple of 1355?
True
Is 1945155 a multiple of 151?
False
Does 5470 divide 3438965012?
False
Is 54 a factor of 2827818?
True
Does 13 divide 49738260?
True
Is 5 a factor of 1459023?
False
Is 15879060 a multiple of 45?
True
Does 21 divide 24559395?
True
Is 64980500 a multiple of 100?
True
Is 1805101181 a multiple of 8511?
False
Is 336 a factor of 44474621?
False
Does 51 divide 447054843?
False
Is 98863974 a multiple of 954?
True
Does 816 divide 278184397?
False
Does 2079 divide 24334522?
False
Is 157422254 a multiple of 764?
False
Does 1662 divide 10930164?
False
Is 233 a factor of 201625851?
True
Does 8 divide 1504267096?
True
Is 119 a factor of 44780271?
False
Does 28 divide 7472920?
True
Is 2721 a factor of 1204404050?
False
Is 377811124 a multiple of 67?
True
Does 